 n be 3/2*(-4 - -6). Suppose 13 = 4*b - n*u - 8, -3*b + u = -12. What is the units digit of b?
3
Let a(g) = -g + 11. Let i(h) = h - 6. Let b(q) = -6*a(q) - 11*i(q). What is the units digit of b(-5)?
5
Suppose 0 = -0*u + 3*u + 6. Let b = u + 4. What is the units digit of (b - -3)*3/3?
5
Let f = 2 - 0. Suppose -11 = 4*c + 3*o, -4*o - 22 = -4*c + f*c. What is the units digit of c?
1
Let h be 3 + -1 + 6*5. Suppose o = 3*o - h. Let m = -8 + o. What is the units digit of m?
8
Suppose 5*f - 3*f - 267 = -3*m, -2*m + 4*f + 162 = 0. Let u = -31 + m. Suppose 0*z + 4*x - u = -5*z, 2*z = 5*x - 4. What is the units digit of z?
8
Suppose 2 + 37 = z. Suppose -l + z = 2*l. Suppose -34 = -3*i - l. What is the units digit of i?
7
Suppose -3*v = 2*v - 15. Suppose -3*s + 29 = 5*h - 0*s, -v = -3*h + 3*s. What is the units digit of h?
4
Let r = 44 - 62. Let g = -13 - r. Suppose g = 3*b + 2*b. What is the units digit of b?
1
Let l = 0 + 0. Suppose l = 5*h + 3*w - 27, 4*h + 4*w = 2*h + 22. Let c = h - 2. What is the units digit of c?
1
Suppose -5*m - 3*k + 4*k - 9 = 0, 4*k = 3*m + 19. Let b be ((-8)/12)/(1/3). Let h = m - b. What is the units digit of h?
1
Suppose 30 + 1 = 5*g - 4*c, 4*g + 4 = -4*c. Let d be 10/6 + 1/g. Suppose 4*j + 34 = d*w + 7*j, -5*j = -20. What is the units digit of w?
1
Suppose 3*h = 203 + 91. What is the tens digit of h?
9
Let c = -13 + 12. What is the units digit of (24/9)/(c/(-3))?
8
Let a(i) = -i**3 + 1. Let w(c) = -5*c**3 - 3*c**2 - 2*c + 6. Let y be (6/8)/(2/16). Let b(o) = y*a(o) - w(o). What is the units digit of b(3)?
6
Suppose -5*a + 3*a + 58 = 0. What is the units digit of a?
9
Let q be (-10)/(5*(-4)/(-10)). Let l = -4 - q. What is the units digit of l?
1
Suppose 3*m - 5 - 22 = 0. What is the units digit of m?
9
Suppose 0 = -w - t - 4, 0 = -4*w + t - 0*t - 11. Let b be 0/(3*w/(-9)). Suppose 2*u + 0*n + 2 = 4*n, b = -2*n + 2. What is the units digit of u?
1
Let i(m) = m**3 - 6*m**2 + 3*m + 7. Let h = -7 - -12. Let w be i(h). What is the units digit of w*6/(-9)*5?
0
Suppose -3*v - 3*g + 933 = -54, 0 = 5*v + 3*g - 1643. What is the tens digit of v?
2
What is the hundreds digit of ((-7416)/54)/(2/(-6))?
4
Suppose -2*l - 162 = -0*l. Let b = -36 - l. What is the units digit of b?
5
Let i(g) = g**3 + 5*g**2 - 8*g - 8. Let n(v) = -v**3 - 4*v**2 + 3. Let m be n(-3). Let d be i(m). What is the units digit of 2/(-8) - (-33)/d?
8
Suppose 2*h + 3 = 3*h. Let g = h - 0. What is the units digit of g?
3
Suppose -4*t + 9 = 1. Let y be 1/(-2) - (-5)/2. Suppose f = t*f - y. What is the units digit of f?
2
Let x(k) = -k**2 - 8*k + 3. Let t be x(-8). Let m(s) = 0*s + t*s - 4*s. What is the units digit of m(-5)?
5
Suppose 0 = 4*b + 10 + 126. Let o be 2/(-3) + b/(-6). Suppose -2*u - 3*u + o = 0. What is the units digit of u?
1
Suppose r + 3*n - n + 4 = 0, 0 = -4*r - 5*n - 31. Let q = -9 - r. What is the units digit of q?
5
Let p(r) = -r**2 - 5*r - 1. Suppose -2*o - 20 = 2*o. Let y be p(o). What is the units digit of 4 - 5 - (y + -6)?
6
What is the tens digit of 20*1*(1 + (-4)/(-4))?
4
Let h be (-9)/(-6)*12*1. Suppose 2*d + 0 - h = 0. What is the units digit of d?
9
Let a be 325/(-15) - (-1)/(-3). Let b = 13 + a. Let o = b - -21. What is the tens digit of o?
1
Suppose 4 = -2*b + 24. Suppose b + 17 = p. What is the units digit of p?
7
Suppose -3*y + 25 = -4*o - o, y = -5*o - 5. What is the units digit of 0 + 6*(-1)/o?
3
Let x(k) = k**2 - 10*k - 8. Let q be x(-7). Suppose -2*t = 3*a - 82, a = -3*a - 3*t + q. What is the tens digit of a?
2
Suppose 2*c - 7*c - 60 = 0. What is the units digit of c/54 - (-94)/18?
5
Let r = 8 - 11. What is the units digit of 13/(13/42) + r?
9
Let o(u) = -u**2 + 10*u. Let y be o(10). Suppose -t + 6*t - 10 = y. What is the units digit of t?
2
Suppose 9*b = 14*b - 105. What is the units digit of b?
1
Suppose -6 = -4*r + 6*r. Let b = r - -12. What is the units digit of b?
9
Suppose 562 + 226 = 4*u. What is the units digit of u?
7
Suppose -56 = -s - 58. Let m(n) = -2*n + 3*n**2 + n**2 + 1 - 5*n**2. What is the units digit of m(s)?
1
Suppose -2*c + 6 = 0, 2*w - 2*c - 4 = -2. Let a(l) = l**3 - 5*l**2 + 5*l - 2. What is the units digit of a(w)?
2
Let s = -27 - -27. Suppose -y + 3*v = -20, y - 4 = -s*y - 5*v. What is the tens digit of y?
1
Let f(k) be the first derivative of -3 - 4*k + 3/2*k**2. What is the tens digit of f(6)?
1
Let h = 9 - 1. What is the units digit of h?
8
Let d(b) = b**3 - 8*b**2 - 8*b + 1. Let k be d(9). Let w(a) = 2*a - 2. What is the tens digit of w(k)?
1
Suppose -4*t = -12, 3*j - 381 = 3*t - 6*t. What is the tens digit of 3/2*j/6?
3
Let q = 32 - 11. What is the tens digit of q?
2
Let k(p) = -12*p - 82. What is the units digit of k(-15)?
8
Let v(y) = y**2 + 2*y - 1. What is the tens digit of v(-5)?
1
Let p = 27 + -17. What is the tens digit of p?
1
Let d(g) = 3*g - 9. What is the tens digit of d(8)?
1
Let c(g) = -g + 12. Suppose h = -o - 3*h - 8, 3*h + 6 = 0. What is the tens digit of c(o)?
1
Let n(r) = r - 10. Let k be n(10). Suppose -21 = d + 4*z, 4*z = -4*d - k*d - 24. What is the tens digit of 3/(d + 7)*34?
1
Let a = 21 - 9. What is the tens digit of a?
1
Let f = -3 + 48. What is the tens digit of f?
4
Let z = 4 - 4. Suppose -4 = 4*h + 5*i + 5, 3*h - 2*i - 22 = z. Suppose 0 = 8*a - h*a - 36. What is the units digit of a?
9
Suppose -5*l - 1 = -6. What is the units digit of l?
1
Let h = 3 + -3. Suppose -y = -0*y, q - 3*y - 4 = h. What is the units digit of q?
4
Let t(w) = 6*w**2 + 2*w - 24. What is the hundreds digit of t(6)?
2
Let x(r) = 2*r**2 - 3*r - 2. Let z be x(3). Let p = -5 + z. Suppose p - 4 = -2*y. What is the units digit of y?
1
Let n be (-1 + -4)*(-36)/30. Suppose -n*k = -5*k - 4. What is the units digit of k?
4
Let p = 2 - -3. Suppose o = 4*u + p + 1, -u - 3*o = -5. Let a(c) = -11*c**3 - c**2. What is the tens digit of a(u)?
1
Let m be (4/(-10))/(2/(-5)). What is the units digit of 3*(m + (-5)/(-3))?
8
Let c = -1 + 21. Suppose -c = -3*x + 1. What is the units digit of x?
7
Suppose -2*o = -0*o - 6. Suppose -4*f + 3 - 1 = k, o*f + 6 = 0. What is the tens digit of k?
1
Let s be (-212)/(-5)*20/8. Suppose 4*d = -5*j + 122, -2*d = -4*j - d + s. What is the units digit of j?
6
Let u be (-12)/(-3 + 6) - 3. Let l = u - -2. What is the units digit of 1/l + (-18)/(-15)?
1
Let z(a) = -a**2 + 18*a - 8. What is the tens digit of z(10)?
7
Suppose 0 = 3*y - 6*y + 21. Let o = 4 - y. What is the units digit of (o/(-2))/((-1)/(-2))?
3
Suppose 0 = -3*m, -4*m + 214 = 3*w - 71. What is the tens digit of w?
9
Let h(k) = -k**3 - 9*k**2 + 11*k + 15. Let q be h(-10). Suppose q*i = i + 24. What is the units digit of i?
6
Let j be (-2)/(-7) - 2448/(-56). Suppose q + 4*k = 47, -q = -3*q + 2*k + j. What is the tens digit of q?
2
Let l(s) be the third derivative of -1/12*s**4 - 3*s**2 + 0*s - 3/2*s**3 + 0. What is the units digit of l(-9)?
9
Let r be (-1)/(0 - (-3)/(-3)). Suppose -4*t - 36 = k, -3*t - 41 = -3*k + r. Let a = 18 + t. What is the units digit of a?
8
Let b = 21 - 31. Let r = b + 28. What is the units digit of r?
8
Let x(u) = 5*u**2 + 6*u + 3. What is the hundreds digit of x(4)?
1
Suppose -24 = 3*j - 6*j. Suppose -j*u + 4*u = 16. What is the tens digit of 15 + 2 + 1 + u?
1
Suppose -5 + 0 = y + t, 3*y = 3*t - 39. Let j(c) = c**3 + 8*c**2 - 8*c + 11. Let k be j(y). What is the units digit of 1 + (8 - (k - 0))?
7
Let o(t) = -10*t - 11. What is the tens digit of o(-15)?
3
Suppose -o + 3*j - 4*j = 8, -2*o - 28 = -4*j. Let q be (-15)/3*2/o. What is the units digit of q/((-2)/(-6)*3)?
1
Let k = 10 - -10. Suppose 0 = 3*p + 2*d + 36, -6*p + 4*p - 24 = -d. Let v = p + k. What is the units digit of v?
8
Suppose 3*j = -2*q + 41, 4*j - 49 = 2*j + 3*q. Let s = -6 - -7. Let y = j - s. What is the units digit of y?
6
Suppose 0 = -4*k + 20, -2*p + k + 231 = -2*k. What is the tens digit of p?
2
Let a = 56 - 34. Suppose 8*b + a = 10*b. What is the tens digit of b?
1
Let l = -14 + 114. Suppose 4*t + l = -t. What is the units digit of t/(-2)*6/15?
4
Let f = -1 - -3. Suppose 0*r + f*x = 2*r + 4, -r - 11 = -4*x. What is the units digit of r?
1
Let w = -4 + 8. Suppose w*g + g = 60. What is the tens digit of g?
1
Let l be (-69 - 9)*(-2)/(-3). What is the units digit of (-3 - -2)*l/4?
3
What is the units digit of 1665/18*6/5?
1
Let o = -331 + 